
Is 460200439 a prime number?
False
Is 4533424121 prime?
False
Is 5898728083 composite?
False
Is 14402851861 a composite number?
False
Is 1059634001 composite?
False
Is 6514451651 a composite number?
False
Is 60160389467 prime?
False
Is 9599280637 prime?
False
Is 1770210649 a composite number?
False
Is 41857386283 composite?
True
Is 532107461 a prime number?
False
Is 548307401 prime?
True
Is 15881012183 a composite number?
False
Is 1827364598 a prime number?
False
Is 2137216759 prime?
False
Is 12668562047 composite?
False
Is 1254620699 a composite number?
False
Is 2310975361 prime?
False
Is 445796249 a prime number?
True
Is 47992447949 composite?
False
Is 3571215587 prime?
True
Is 4752671369 prime?
True
Is 531336747 a composite number?
True
Is 5905397503 a prime number?
False
Is 142229781895 composite?
True
Is 98394309337 a composite number?
True
Is 5159271037 prime?
True
Is 623115071 prime?
True
Is 346889221277 a composite number?
False
Is 888225473 composite?
True
Is 33135748829 a composite number?
False
Is 4211363243 a composite number?
True
Is 5570381969 prime?
False
Is 1998596731 prime?
False
Is 62926725341 a composite number?
False
Is 1880961491 a composite number?
False
Is 543086669 prime?
False
Is 5934748007 composite?
True
Is 1757542649 a prime number?
True
Is 71685660203 prime?
True
Is 35609665297 a prime number?
False
Is 41385780367 composite?
False
Is 6135155911 a prime number?
True
Is 15390444983 a prime number?
True
Is 11025422887 composite?
True
Is 152365247527 prime?
True
Is 145462601 prime?
True
Is 41405839 a prime number?
True
Is 71356881347 composite?
False
Is 146260339 a composite number?
True
Is 89398831 a prime number?
True
Is 1136084702 composite?
True
Is 43899472142 a composite number?
True
Is 66766051 a composite number?
True
Is 3108035719 a prime number?
True
Is 9393311 a prime number?
False
Is 156386189 composite?
False
Is 1942990949 a composite number?
False
Is 1068617621 composite?
True
Is 44995627 prime?
True
Is 1686557557 a prime number?
False
Is 613323691 a prime number?
False
Is 2099577167 a composite number?
False
Is 2361419117 composite?
True
Is 8492619839 prime?
False
Is 3053548469 a prime number?
False
Is 4430294291 a prime number?
True
Is 10977794393 a prime number?
True
Is 2428870919 composite?
False
Is 6599143357 a composite number?
False
Is 3254825921 a prime number?
False
Is 150140317 a composite number?
False
Is 466707118 a prime number?
False
Is 25891272839 a prime number?
True
Is 1938497767 a composite number?
False
Is 30305102423 prime?
True
Is 41924794393 a prime number?
True
Is 28640588591 prime?
False
Is 8048036086 prime?
False
Is 115818751253 a composite number?
False
Is 12838406281 a prime number?
True
Is 90640448494 a composite number?
True
Is 347446639 composite?
True
Is 5889469717 prime?
True
Is 150258618281 composite?
False
Is 8749436533 composite?
True
Is 115749331 a prime number?
False
Is 14508441219 composite?
True
Is 4557646486 prime?
False
Is 1064731439 prime?
True
Is 30800975233 composite?
True
Is 132071371 a composite number?
False
Is 1554137407 prime?
True
Is 6194387203 composite?
False
Is 3833450833 prime?
False
Is 20767864121 a prime number?
False
Is 17923411141 prime?
True
Is 15304173253 composite?
True
Is 1027375889 a prime number?
True
Is 6231235603 a prime number?
False
Is 38252701681 a composite number?
True
Is 9099969799 a composite number?
True
Is 916159469 composite?
True
Is 74714716007 a composite number?
False
Is 925378879 a composite number?
True
Is 18870132569 a composite number?
False
Is 26294293079 a composite number?
True
Is 9184306283 a composite number?
False
Is 876657539 a prime number?
False
Is 603366793 composite?
True
Is 286331317 a prime number?
True
Is 67983789131 composite?
True
Is 29438819 composite?
False
Is 16108470229 composite?
True
Is 1616021711 a prime number?
True
Is 16400014781 composite?
True
Is 473975413 a composite number?
True
Is 12197776469 a composite number?
True
Is 3338053633 a composite number?
False
Is 20592264479 prime?
True
Is 2827079369 a composite number?
True
Is 308092919 composite?
False
Is 2696201819 composite?
True
Is 12274419487 a prime number?
False
Is 128339211619 composite?
False
Is 37465955093 composite?
True
Is 11053412137 prime?
True
Is 1085664751 composite?
False
Is 16969370741 prime?
True
Is 36719360897 a composite number?
True
Is 16354078213 prime?
False
Is 146082643087 prime?
True
Is 1186534549 a composite number?
True
Is 25015693609 prime?
False
Is 4741719317 a composite number?
False
Is 354411935 a prime number?
False
Is 1715686391 prime?
True
Is 11746594963 a prime number?
True
Is 76497375389 prime?
False
Is 353327713 composite?
False
Is 1322008669 a prime number?
True
Is 815621999 prime?
False
Is 46466111 prime?
False
Is 1187081921 composite?
False
Is 1083746273 a prime number?
True
Is 119083109 a composite number?
False
Is 6445249061 composite?
True
Is 20500253714 composite?
True
Is 114095071 composite?
True
Is 848763493 a prime number?
True
Is 7306339555 prime?
False
Is 287125693 a prime number?
True
Is 1454427203 prime?
False
Is 762180791 a composite number?
True
Is 79560647 prime?
False
Is 145547783 prime?
False
Is 38862500143 a composite number?
True
Is 1354350857 composite?
False
Is 989504333 prime?
False
Is 239996880579 prime?
False
Is 22250649221 a prime number?
True
Is 5962445191 a composite number?
False
Is 186037338799 a composite number?
True
Is 5570273369 prime?
True
Is 2251236035 a prime number?
False
Is 961321069 a composite number?
False
Is 257082701 prime?
False
Is 287842528433 a composite number?
False
Is 4349866317 prime?
False
Is 4569809099 a composite number?
False
Is 33522092627 prime?
False
Is 1845636913 composite?
False
Is 447535601 a composite number?
False
Is 573345379 prime?
True
Is 351138169 composite?
False
Is 45660323263 a composite number?
False
Is 96849031 prime?
False
Is 114253679 composite?
False
Is 23867804201 a composite number?
True
Is 23621998247 a prime number?
False
Is 9175171129 a composite number?
True
Is 2002101037 composite?
True
Is 8641521253 prime?
True
Is 24055565045 composite?
True
Is 64506412991 a composite number?
False
Is 1386935887 prime?
True
Is 105497444603 prime?
True
Is 1666598497 a prime number?
True
Is 16666909237 prime?
False
Is 15030992381 a composite number?
False
Is 42846537569 a prime number?
False
Is 31238369479 prime?
True
Is 11033415611 a prime number?
False
Is 260225297 composite?
True
Is 5082146453 composite?
True
Is 5241727303 a prime number?
False
Is 172096721483 composite?
False
Is 190902115 composite?
True
Is 537236863 a prime number?
False
Is 57491085599 a composite number?
False
Is 28220784859 composite?
False
Is 386834005249 prime?
True
Is 28549036249 composite?
True
Is 1012613507 a prime number?
False
Is 19128580741 prime?
True
Is 17486472917 a composite number?
False
Is 22526146189 a prime number?
False
Is 2061539699 a composite number?
False
Is 379077481 a composite number?
False
Is 2057071067 composite?
False
Is 2046061769 composite?
False
Is 28933159877 prime?
False
Is 351263253895 a prime number?
False
Is 1137486853 composite?
True
Is 5041535361 a composite number?
True
Is 193054321 prime?
False
Is 14778046249 a prime number?
False
Is 411276779 composite?
False
Is 3379663093 a composite number?
True
Is 12611910737 composite?
False
Is 1045993279 a composite number?
False
Is 9668373329 a prime number?
False
Is 41872367423 prime?
False
Is 2949220751 a composite number?
False
Is 511955387 a prime number?
False
Is 6816936229 a composite number?
False
Is 1953251071 a prime number?
True
Is 94325808877 a composite number?
True
Is 47822648029 prime?
False
Is 4442724877 composite?
False
Is 1933791541 prime?
False
Is 638442377 prime?
False
Is 1132219901 a prime number?
True
Is 779122879 a composite number?
True
Is 382294633 a composite number?
True
Is 103494637 composite?
True
Is 315464167 composite?
True
Is 1007882329 a composite number?
False
Is 25411145069 a composite number?
True
Is 98578327339 composite?
False
Is 369335389 a prime number?
False
Is 119745681779 a composite number?
True
Is 7487925853 prime?
True
Is 732068509 composite?
True
Is 35666702387 a prime number?
True
Is 1858446635 composite?
True
Is 39436226783 composite?
True
Is